{"id":5,"date":"2026-01-13T13:44:25","date_gmt":"2026-01-13T04:44:25","guid":{"rendered":"http:\/\/deep-detailing.com\/?page_id=5"},"modified":"2026-02-09T15:04:26","modified_gmt":"2026-02-09T06:04:26","slug":"home","status":"publish","type":"page","link":"https:\/\/deep-detailing.com\/","title":{"rendered":"HOME"},"content":{"rendered":"\n<h3 class=\"wp-block-heading u-mb-ctrl u-mb-0\">Infomation<\/h3>\n\n\n<div class=\"p-postListWrap\"><ul class=\"p-postList -type-simple\"><li class=\"p-postList__item\">\n\t<a href=\"https:\/\/deep-detailing.com\/?p=67\" class=\"p-postList__link\">\n\t\t<div class=\"p-postList__body\">\n\t\t\t<div class=\"p-postList__meta\">\n\t\t\t\t<div class=\"p-postList__times c-postTimes u-thin\">\n\t<time class=\"c-postTimes__posted icon-posted\" datetime=\"2026-01-27\" aria-label=\"\u516c\u958b\u65e5\">2026\u5e741\u670827\u65e5<\/time><\/div>\n\t\t\t<\/div>\n\t\t\t<h2 class=\"p-postList__title\">\u30db\u30fc\u30e0\u30da\u30fc\u30b8\u958b\u8a2d\u306e\u304a\u77e5\u3089\u305b<\/h2>\t\t<\/div>\n\t<\/a>\n<\/li>\n<\/ul><\/div>\n\n\n<pre class=\"ti-widget\"><template id=\"trustindex-google-widget-html\"><div class=\" ti-widget  ti-goog ti-review-text-mode-readmore ti-text-align-left\" data-no-translation=\"true\" data-time-locale=\"%d %s \u524d|\u4eca\u65e5|\u65e5|\u65e5|\u9031\u9593|\u9031\u9593|\u304b\u6708|\u304b\u6708|\u5e74|\u5e74\" data-plugin-version=\"13.2.7\" data-layout-id=\"4\" data-layout-category=\"slider\" data-set-id=\"ligth-border\" data-pid=\"\" data-language=\"ja\" data-close-locale=\"\u8fd1\u3044\" data-review-target-width=\"300\" data-css-version=\"2\" data-reply-by-locale=\"\u30aa\u30fc\u30ca\u30fc\u304b\u3089\u306e\u8fd4\u4fe1\" data-only-rating-locale=\"\u3053\u306e\u30e6\u30fc\u30b6\u30fc\u306f\u8a55\u4fa1\u306e\u307f\u3092\u6b8b\u3057\u307e\u3057\u305f\u3002\" data-pager-autoplay-timeout=\"6\"> <div class=\"ti-widget-container ti-col-3\"> <div class=\"ti-reviews-container\"> <div class=\"ti-controls\"> <div class=\"ti-next\" aria-label=\"\u6b21\u306e\u30ec\u30d3\u30e5\u30fc\" role=\"button\" tabindex=\"0\"><\/div> <div class=\"ti-prev\" aria-label=\"\u524d\u56de\u306e\u30ec\u30d3\u30e5\u30fc\" role=\"button\" tabindex=\"0\"><\/div> <\/div> <div class=\"ti-reviews-container-wrapper\">  <div data-empty=\"0\" data-time=\"1770336000\" class=\"ti-review-item source-Google ti-image-layout-thumbnail\" data-id=\"cfcd208495d565ef66e7dff9f98764da\"> <div class=\"ti-inner\"> <div class=\"ti-review-header\"> <div class=\"ti-platform-icon ti-with-tooltip\"> <span class=\"ti-tooltip\"> \u306b\u6295\u7a3f\u3055\u308c\u307e\u3057\u305f<\/span> <trustindex-image data-imgurl=\"https:\/\/cdn.trustindex.io\/assets\/platform\/Google\/icon.svg\" alt=\"\" width=\"20\" height=\"20\" loading=\"lazy\"><\/trustindex-image> <\/div> <div class=\"ti-profile-img\"> <trustindex-image data-imgurl=\"https:\/\/lh3.googleusercontent.com\/a\/ACg8ocLzfWq3cKZqLdfHcx0kbXreJBvZfdt0eh99oL0ZCrMI0RHSXA=w40-h40-c-rp-mo-br100\" alt=\"t u profile picture\" loading=\"lazy\"><\/trustindex-image> <\/div> <div class=\"ti-profile-details\"> <div class=\"ti-name\"> t u <\/div> <div class=\"ti-date\"><\/div> <\/div> <\/div> <span class=\"ti-stars\"><trustindex-image class=\"ti-star\" data-imgurl=\"https:\/\/cdn.trustindex.io\/assets\/platform\/Google\/star\/f.svg\" alt=\"Google\" width=\"17\" height=\"17\" loading=\"lazy\"><\/trustindex-image><trustindex-image class=\"ti-star\" data-imgurl=\"https:\/\/cdn.trustindex.io\/assets\/platform\/Google\/star\/f.svg\" alt=\"Google\" width=\"17\" height=\"17\" loading=\"lazy\"><\/trustindex-image><trustindex-image class=\"ti-star\" data-imgurl=\"https:\/\/cdn.trustindex.io\/assets\/platform\/Google\/star\/f.svg\" alt=\"Google\" width=\"17\" height=\"17\" loading=\"lazy\"><\/trustindex-image><trustindex-image class=\"ti-star\" data-imgurl=\"https:\/\/cdn.trustindex.io\/assets\/platform\/Google\/star\/f.svg\" alt=\"Google\" width=\"17\" height=\"17\" loading=\"lazy\"><\/trustindex-image><trustindex-image class=\"ti-star\" data-imgurl=\"https:\/\/cdn.trustindex.io\/assets\/platform\/Google\/star\/f.svg\" alt=\"Google\" width=\"17\" height=\"17\" loading=\"lazy\"><\/trustindex-image><span class=\"ti-verified-review ti-verified-platform\"><span class=\"ti-verified-tooltip\">Trustindex \u306f\u3001\u30ec\u30d3\u30e5\u30fc\u306e\u5143\u306e\u30bd\u30fc\u30b9\u304c Google \u3067\u3042\u308b\u3053\u3068\u3092\u78ba\u8a8d\u3057\u307e\u3059\u3002<\/span><\/span><\/span> <div class=\"ti-review-text-container ti-review-content\"><!-- R-CONTENT -->\u4fa1\u683c\u304c\u826f\u5fc3\u7684\u3067\u4ed5\u4e0a\u304c\u308a\u3082\u30d0\u30c3\u30c1\u30ea\u3002\n\u8eca\u306e\u72b6\u614b\u306b\u3064\u3044\u3066\u3082\u4e01\u5be7\u306b\u8aac\u660e\u3057\u3066\u304f\u308c\u3066\u3001\u30b9\u30bf\u30c3\u30d5\u3055\u3093\u306e\u4eba\u67c4\u304c\u826f\u3044\u306e\u304c\u5370\u8c61\u7684\u3067\u3057\u305f\u3002\n\u6c17\u6301\u3061\u3088\u304f\u304a\u9858\u3044\u3067\u304d\u308b\u304a\u5e97\u3060\u3068\u601d\u3044\u307e\u3059\u3002<!-- R-CONTENT --><\/div> <span class=\"ti-read-more\" data-container=\".ti-review-content\" data-collapse-text=\"\u96a0\u3059\" data-open-text=\"\u7d9a\u304d\u3092\u8aad\u3080\"><\/span> <\/div> <\/div>  <div data-empty=\"0\" data-time=\"1769731200\" class=\"ti-review-item source-Google ti-image-layout-thumbnail\" data-id=\"cfcd208495d565ef66e7dff9f98764da\"> <div class=\"ti-inner\"> <div class=\"ti-review-header\"> <div class=\"ti-platform-icon ti-with-tooltip\"> <span class=\"ti-tooltip\"> \u306b\u6295\u7a3f\u3055\u308c\u307e\u3057\u305f<\/span> <trustindex-image data-imgurl=\"https:\/\/cdn.trustindex.io\/assets\/platform\/Google\/icon.svg\" alt=\"\" width=\"20\" height=\"20\" loading=\"lazy\"><\/trustindex-image> <\/div> <div class=\"ti-profile-img\"> <trustindex-image data-imgurl=\"https:\/\/lh3.googleusercontent.com\/a\/ACg8ocIwPvO0l8TWAte8L2EPBlx6v1jH_ABaJ-IxZEBrCt0V5NO6RA=w40-h40-c-rp-mo-br100\" alt=\"\u30b1\u30a2\u30bf\u30af\u30b7\u30fc\u30e9\u30d6\u30b9\u30de\u30a4\u30eb profile picture\" loading=\"lazy\"><\/trustindex-image> <\/div> <div class=\"ti-profile-details\"> <div class=\"ti-name\"> \u30b1\u30a2\u30bf\u30af\u30b7\u30fc\u30e9\u30d6\u30b9\u30de\u30a4\u30eb <\/div> <div class=\"ti-date\"><\/div> <\/div> <\/div> <span class=\"ti-stars\"><trustindex-image class=\"ti-star\" data-imgurl=\"https:\/\/cdn.trustindex.io\/assets\/platform\/Google\/star\/f.svg\" alt=\"Google\" width=\"17\" height=\"17\" loading=\"lazy\"><\/trustindex-image><trustindex-image class=\"ti-star\" data-imgurl=\"https:\/\/cdn.trustindex.io\/assets\/platform\/Google\/star\/f.svg\" alt=\"Google\" width=\"17\" height=\"17\" loading=\"lazy\"><\/trustindex-image><trustindex-image class=\"ti-star\" data-imgurl=\"https:\/\/cdn.trustindex.io\/assets\/platform\/Google\/star\/f.svg\" alt=\"Google\" width=\"17\" height=\"17\" loading=\"lazy\"><\/trustindex-image><trustindex-image class=\"ti-star\" data-imgurl=\"https:\/\/cdn.trustindex.io\/assets\/platform\/Google\/star\/f.svg\" alt=\"Google\" width=\"17\" height=\"17\" loading=\"lazy\"><\/trustindex-image><trustindex-image class=\"ti-star\" data-imgurl=\"https:\/\/cdn.trustindex.io\/assets\/platform\/Google\/star\/f.svg\" alt=\"Google\" width=\"17\" height=\"17\" loading=\"lazy\"><\/trustindex-image><span class=\"ti-verified-review ti-verified-platform\"><span class=\"ti-verified-tooltip\">Trustindex \u306f\u3001\u30ec\u30d3\u30e5\u30fc\u306e\u5143\u306e\u30bd\u30fc\u30b9\u304c Google \u3067\u3042\u308b\u3053\u3068\u3092\u78ba\u8a8d\u3057\u307e\u3059\u3002<\/span><\/span><\/span> <div class=\"ti-review-text-container ti-review-content\"><!-- R-CONTENT -->\u6d17\u8eca\u304b\u3089\u304a\u4e16\u8a71\u306b\u306a\u3063\u3066\u3044\u307e\u3057\u304c\u3001\u4e2d\u53e4\u306eSERENA\u3092\u8cfc\u5165\u3057\u305f\u6298\u306b\u30dc\u30c7\u30a3\u30fc\u30b3\u30fc\u30c6\u30a3\u30f3\u30b0\u3092\u304a\u9858\u3044\u3057\u307e\u3057\u305f\uff01\n\u3068\u3066\u3082\u4e01\u5be7\u3067\u3057\u3063\u304b\u308a\u3057\u305f\u4ed5\u4e8b\u3067\u65b0\u8eca\u306e\u69d8\u306a\u30dc\u30c7\u30a3\u30fc\u306b\u4ed5\u4e0a\u3052\u3066\u3082\u3089\u3048\u307e\u3057\u305f\uff01\n\u5468\u56f2\u306e\u53cd\u5fdc\u3082\u307e\u308b\u3067\u65b0\u8eca\u306e\u69d8\u3068\u8a00\u308f\u308c\u308b\u4e8b\u304c\u5c11\u306a\u304f\u306a\u304f\u3001\u3068\u3066\u3082\u6e80\u8db3\u3057\u3066\u3044\u307e\u3059\uff01\n\u30a2\u30d5\u30bf\u30fc\u30b5\u30fc\u30d3\u30b9\u3082\u4e07\u5168\u3067\u5b89\u5fc3\u3057\u3066\u8eca\u3092\u4efb\u305b\u308b\u3053\u3068\u304c\u3067\u304d\u308b\u30b3\u30fc\u30c6\u30a3\u30f3\u30b0\u5c4b\u3055\u3093\u3060\u3068\u601d\u3044\u307e\u3059\uff01<!-- R-CONTENT --><\/div> <span class=\"ti-read-more\" data-container=\".ti-review-content\" data-collapse-text=\"\u96a0\u3059\" data-open-text=\"\u7d9a\u304d\u3092\u8aad\u3080\"><\/span> <\/div> <\/div>  <div data-empty=\"0\" data-time=\"1739318400\" class=\"ti-review-item source-Google ti-image-layout-thumbnail\" data-id=\"cfcd208495d565ef66e7dff9f98764da\"> <div class=\"ti-inner\"> <div class=\"ti-review-header\"> <div class=\"ti-platform-icon ti-with-tooltip\"> <span class=\"ti-tooltip\"> \u306b\u6295\u7a3f\u3055\u308c\u307e\u3057\u305f<\/span> <trustindex-image data-imgurl=\"https:\/\/cdn.trustindex.io\/assets\/platform\/Google\/icon.svg\" alt=\"\" width=\"20\" height=\"20\" loading=\"lazy\"><\/trustindex-image> <\/div> <div class=\"ti-profile-img\"> <trustindex-image data-imgurl=\"https:\/\/lh3.googleusercontent.com\/a-\/ALV-UjVUhVmyD5ZkARio-tw-pO30CTDGki-IsUW5TWtkPlzzbfuDwoa9=w40-h40-c-rp-mo-br100\" alt=\"\u5c06\u5b9f profile picture\" loading=\"lazy\"><\/trustindex-image> <\/div> <div class=\"ti-profile-details\"> <div class=\"ti-name\"> \u5c06\u5b9f <\/div> <div class=\"ti-date\"><\/div> <\/div> <\/div> <span class=\"ti-stars\"><trustindex-image class=\"ti-star\" data-imgurl=\"https:\/\/cdn.trustindex.io\/assets\/platform\/Google\/star\/f.svg\" alt=\"Google\" width=\"17\" height=\"17\" loading=\"lazy\"><\/trustindex-image><trustindex-image class=\"ti-star\" data-imgurl=\"https:\/\/cdn.trustindex.io\/assets\/platform\/Google\/star\/f.svg\" alt=\"Google\" width=\"17\" height=\"17\" loading=\"lazy\"><\/trustindex-image><trustindex-image class=\"ti-star\" data-imgurl=\"https:\/\/cdn.trustindex.io\/assets\/platform\/Google\/star\/f.svg\" alt=\"Google\" width=\"17\" height=\"17\" loading=\"lazy\"><\/trustindex-image><trustindex-image class=\"ti-star\" data-imgurl=\"https:\/\/cdn.trustindex.io\/assets\/platform\/Google\/star\/f.svg\" alt=\"Google\" width=\"17\" height=\"17\" loading=\"lazy\"><\/trustindex-image><trustindex-image class=\"ti-star\" data-imgurl=\"https:\/\/cdn.trustindex.io\/assets\/platform\/Google\/star\/f.svg\" alt=\"Google\" width=\"17\" height=\"17\" loading=\"lazy\"><\/trustindex-image><span class=\"ti-verified-review ti-verified-platform\"><span class=\"ti-verified-tooltip\">Trustindex \u306f\u3001\u30ec\u30d3\u30e5\u30fc\u306e\u5143\u306e\u30bd\u30fc\u30b9\u304c Google \u3067\u3042\u308b\u3053\u3068\u3092\u78ba\u8a8d\u3057\u307e\u3059\u3002<\/span><\/span><\/span> <div class=\"ti-review-text-container ti-review-content\"><!-- R-CONTENT -->\u5e97\u4e3b\u306e\u4eba\u3082\u3059\u3054\u304f\u6c17\u3055\u304f\u3067\u3001\u3088\u304f\u304d\u3066\u3044\u308b\u5e38\u9023\u3055\u3093\u3082\u826f\u3044\u4eba\u3070\u304b\u308a\u306a\u306e\u3067\u5c45\u5fc3\u5730\u3059\u3054\u304f\u826f\u3044\u3067\u3059\u3002\n\u78e8\u304d\u3084\u30b3\u30fc\u30c6\u30a3\u30f3\u30b0\u3082\u3057\u3063\u304b\u308a\u3068\u6253\u3061\u5408\u308f\u305b\u3057\u3066\u304b\u3089\u884c\u3046\u306e\u3067\u3059\u3054\u304f\u5b89\u5fc3\u3067\u3059\u3002<!-- R-CONTENT --><\/div> <span class=\"ti-read-more\" data-container=\".ti-review-content\" data-collapse-text=\"\u96a0\u3059\" data-open-text=\"\u7d9a\u304d\u3092\u8aad\u3080\"><\/span> <\/div> <\/div>  <div data-empty=\"0\" data-time=\"1732492800\" class=\"ti-review-item source-Google ti-image-layout-thumbnail\" data-id=\"cfcd208495d565ef66e7dff9f98764da\"> <div class=\"ti-inner\"> <div class=\"ti-review-header\"> <div class=\"ti-platform-icon ti-with-tooltip\"> <span class=\"ti-tooltip\"> \u306b\u6295\u7a3f\u3055\u308c\u307e\u3057\u305f<\/span> <trustindex-image data-imgurl=\"https:\/\/cdn.trustindex.io\/assets\/platform\/Google\/icon.svg\" alt=\"\" width=\"20\" height=\"20\" loading=\"lazy\"><\/trustindex-image> <\/div> <div class=\"ti-profile-img\"> <trustindex-image data-imgurl=\"https:\/\/lh3.googleusercontent.com\/a-\/ALV-UjWhFiBR-gPudsgpMpIBjKdGrAYhSS9Bq1NF1GlC7o5raSb1QJAs=w40-h40-c-rp-mo-br100\" alt=\"shozo nagai profile picture\" loading=\"lazy\"><\/trustindex-image> <\/div> <div class=\"ti-profile-details\"> <div class=\"ti-name\"> shozo nagai <\/div> <div class=\"ti-date\"><\/div> <\/div> <\/div> <span class=\"ti-stars\"><trustindex-image class=\"ti-star\" data-imgurl=\"https:\/\/cdn.trustindex.io\/assets\/platform\/Google\/star\/f.svg\" alt=\"Google\" width=\"17\" height=\"17\" loading=\"lazy\"><\/trustindex-image><trustindex-image class=\"ti-star\" data-imgurl=\"https:\/\/cdn.trustindex.io\/assets\/platform\/Google\/star\/f.svg\" alt=\"Google\" width=\"17\" height=\"17\" loading=\"lazy\"><\/trustindex-image><trustindex-image class=\"ti-star\" data-imgurl=\"https:\/\/cdn.trustindex.io\/assets\/platform\/Google\/star\/f.svg\" alt=\"Google\" width=\"17\" height=\"17\" loading=\"lazy\"><\/trustindex-image><trustindex-image class=\"ti-star\" data-imgurl=\"https:\/\/cdn.trustindex.io\/assets\/platform\/Google\/star\/f.svg\" alt=\"Google\" width=\"17\" height=\"17\" loading=\"lazy\"><\/trustindex-image><trustindex-image class=\"ti-star\" data-imgurl=\"https:\/\/cdn.trustindex.io\/assets\/platform\/Google\/star\/f.svg\" alt=\"Google\" width=\"17\" height=\"17\" loading=\"lazy\"><\/trustindex-image><span class=\"ti-verified-review ti-verified-platform\"><span class=\"ti-verified-tooltip\">Trustindex \u306f\u3001\u30ec\u30d3\u30e5\u30fc\u306e\u5143\u306e\u30bd\u30fc\u30b9\u304c Google \u3067\u3042\u308b\u3053\u3068\u3092\u78ba\u8a8d\u3057\u307e\u3059\u3002<\/span><\/span><\/span> <div class=\"ti-review-text-container ti-review-content\"><!-- R-CONTENT -->\u793e\u9577\u306f\u3001\u6c17\u3055\u304f\u3067\u8a71\u597d\u304d\u3067\u3059\u3002\n\u81ea\u5206\u306b\u6700\u9069\u306a\u30b3\u30fc\u30c6\u30a3\u30f3\u30b0\u3092\u63d0\u6848\u6234\u304d\u307e\u3057\u305f\u3002\n\u3053\u308c\u304b\u3089\u3082\u30e1\u30f3\u30c6\u30ca\u30f3\u30b9\u542b\u3081\u5b9c\u3057\u304f\u304a\u9858\u3044\u3057\u307e\u3059\u3002\n\u30b3\u30fc\u30c6\u30a3\u30f3\u30b0\u3067\u8ff7\u3063\u3066\u3044\u308b\u65b9\u306b\u306f\u662f\u975e\u304a\u52e7\u3081\u3057\u307e\u3059\u3002\n\u672c\u5f53\u306b\u89aa\u8eab\u306b\u5bfe\u5fdc\u3057\u3066\u6234\u3051\u307e\u3059\u3002<!-- R-CONTENT --><\/div> <span class=\"ti-read-more\" data-container=\".ti-review-content\" data-collapse-text=\"\u96a0\u3059\" data-open-text=\"\u7d9a\u304d\u3092\u8aad\u3080\"><\/span> <\/div> <\/div>  <div data-empty=\"0\" data-time=\"1732060800\" class=\"ti-review-item source-Google ti-image-layout-thumbnail\" data-id=\"cfcd208495d565ef66e7dff9f98764da\"> <div class=\"ti-inner\"> <div class=\"ti-review-header\"> <div class=\"ti-platform-icon ti-with-tooltip\"> <span class=\"ti-tooltip\"> \u306b\u6295\u7a3f\u3055\u308c\u307e\u3057\u305f<\/span> <trustindex-image data-imgurl=\"https:\/\/cdn.trustindex.io\/assets\/platform\/Google\/icon.svg\" alt=\"\" width=\"20\" height=\"20\" loading=\"lazy\"><\/trustindex-image> <\/div> <div class=\"ti-profile-img\"> <trustindex-image data-imgurl=\"https:\/\/lh3.googleusercontent.com\/a\/ACg8ocIH8JspuFE2anlf4j0VuUqtBsJSu8KC8frth4s7JpP9BNuC5A=w40-h40-c-rp-mo-br100\" alt=\"\u5c0f\u677e\u826f\u6210 profile picture\" loading=\"lazy\"><\/trustindex-image> <\/div> <div class=\"ti-profile-details\"> <div class=\"ti-name\"> \u5c0f\u677e\u826f\u6210 <\/div> <div class=\"ti-date\"><\/div> <\/div> <\/div> <span class=\"ti-stars\"><trustindex-image class=\"ti-star\" data-imgurl=\"https:\/\/cdn.trustindex.io\/assets\/platform\/Google\/star\/f.svg\" alt=\"Google\" width=\"17\" height=\"17\" loading=\"lazy\"><\/trustindex-image><trustindex-image class=\"ti-star\" data-imgurl=\"https:\/\/cdn.trustindex.io\/assets\/platform\/Google\/star\/f.svg\" alt=\"Google\" width=\"17\" height=\"17\" loading=\"lazy\"><\/trustindex-image><trustindex-image class=\"ti-star\" data-imgurl=\"https:\/\/cdn.trustindex.io\/assets\/platform\/Google\/star\/f.svg\" alt=\"Google\" width=\"17\" height=\"17\" loading=\"lazy\"><\/trustindex-image><trustindex-image class=\"ti-star\" data-imgurl=\"https:\/\/cdn.trustindex.io\/assets\/platform\/Google\/star\/f.svg\" alt=\"Google\" width=\"17\" height=\"17\" loading=\"lazy\"><\/trustindex-image><trustindex-image class=\"ti-star\" data-imgurl=\"https:\/\/cdn.trustindex.io\/assets\/platform\/Google\/star\/e.svg\" alt=\"Google\" width=\"17\" height=\"17\" loading=\"lazy\"><\/trustindex-image><span class=\"ti-verified-review ti-verified-platform\"><span class=\"ti-verified-tooltip\">Trustindex \u306f\u3001\u30ec\u30d3\u30e5\u30fc\u306e\u5143\u306e\u30bd\u30fc\u30b9\u304c Google \u3067\u3042\u308b\u3053\u3068\u3092\u78ba\u8a8d\u3057\u307e\u3059\u3002<\/span><\/span><\/span> <div class=\"ti-review-text-container ti-review-content\"><!-- R-CONTENT -->\u4e57\u308a\u7d99\u3050\u5ea6\u306b\u65bd\u5de5\u3057\u3066\u8cb0\u3063\u3066\u307e\u3059\u304c\u7dba\u9e97\u306b\u306a\u308a\u307e\u3059\u3002\n\u7d30\u304b\u3044\u30ad\u30ba\u7b49\u3001\u6c17\u306b\u306a\u308b\u6240\u3082\u4f1d\u3048\u308b\u524d\u306b\u898b\u3064\u3051\u3066\u304f\u308c\u308b\u306e\u3067\u5b89\u5fc3\u3067\u3059\u3002\u63d0\u6848\u3057\u3066\u304f\u308c\u308b\u5185\u5bb9\u306b\u3082\u6e80\u8db3\ud83d\ude0a\n\u672c\u5f53\u306f\u661f5\u306e\u6e80\u70b9\u3092\u3042\u3052\u305f\u3044\u3067\u3059\u304c\u4eca\u5f8c\u3082\u9811\u5f35\u3063\u3066\u8cb0\u3044\u305f\u3044\u306e\u3067\u661f4\u3067\uff01\u7b11\n\u3053\u308c\u304b\u3089\u3082\u901a\u308f\u305b\u3066\u3082\u3089\u3044\u307e\u3059\u3002<!-- R-CONTENT --><\/div> <span class=\"ti-read-more\" data-container=\".ti-review-content\" data-collapse-text=\"\u96a0\u3059\" data-open-text=\"\u7d9a\u304d\u3092\u8aad\u3080\"><\/span> <\/div> <\/div>  <\/div> <div class=\"ti-controls-line\"> <div class=\"dot\"><\/div> <\/div> <\/div>    <\/div> <\/div> <\/template><\/pre><div data-src=\"https:\/\/cdn.trustindex.io\/loader.js?wp-widget\" data-template-id=\"trustindex-google-widget-html\" data-css-url=\"https:\/\/deep-detailing.com\/wp-content\/uploads\/trustindex-google-widget.css?1769493642\"><\/div>\n\n\n\n<h3 class=\"wp-block-heading\">\u30aa\u30f3\u30e9\u30a4\u30f3\u898b\u7a4d\u30d5\u30a9\u30fc\u30e0<\/h3>\n\n\n\n\n<div class=\"wpcf7 no-js\" id=\"wpcf7-f93-o1\" lang=\"ja\" dir=\"ltr\" data-wpcf7-id=\"93\">\n<div class=\"screen-reader-response\"><p role=\"status\" aria-live=\"polite\" aria-atomic=\"true\"><\/p> <ul><\/ul><\/div>\n<form action=\"\/index.php?rest_route=%2Fwp%2Fv2%2Fpages%2F5#wpcf7-f93-o1\" method=\"post\" class=\"wpcf7-form init\" aria-label=\"\u30b3\u30f3\u30bf\u30af\u30c8\u30d5\u30a9\u30fc\u30e0\" novalidate=\"novalidate\" data-status=\"init\">\n<fieldset class=\"hidden-fields-container\"><input type=\"hidden\" name=\"_wpcf7\" value=\"93\" \/><input type=\"hidden\" name=\"_wpcf7_version\" value=\"6.1.4\" \/><input type=\"hidden\" name=\"_wpcf7_locale\" value=\"ja\" \/><input type=\"hidden\" name=\"_wpcf7_unit_tag\" value=\"wpcf7-f93-o1\" \/><input type=\"hidden\" name=\"_wpcf7_container_post\" value=\"0\" \/><input type=\"hidden\" name=\"_wpcf7_posted_data_hash\" value=\"\" \/>\n<\/fieldset>\n<table class=\"CF7_table\">\n\t<tr>\n\t\t<th>\n\t\t\t<p><span class=\"CF7_req\">\u5fc5\u9808<\/span> \u3054\u76f8\u8ac7\u5185\u5bb9\n\t\t\t<\/p>\n\t\t<\/th>\n\t\t<td>\n\t\t\t<p><span class=\"wpcf7-form-control-wrap\" data-name=\"checkbox-inq\"><span class=\"wpcf7-form-control wpcf7-checkbox wpcf7-validates-as-required\"><span class=\"wpcf7-list-item first\"><input type=\"checkbox\" name=\"checkbox-inq[]\" value=\"\u3054\u76f8\u8ac7\" \/><span class=\"wpcf7-list-item-label\">\u3054\u76f8\u8ac7<\/span><\/span><span class=\"wpcf7-list-item\"><input type=\"checkbox\" name=\"checkbox-inq[]\" value=\"\u304a\u898b\u7a4d\u3082\u308a\" \/><span class=\"wpcf7-list-item-label\">\u304a\u898b\u7a4d\u3082\u308a<\/span><\/span><span class=\"wpcf7-list-item\"><input type=\"checkbox\" name=\"checkbox-inq[]\" value=\"\u304a\u554f\u3044\u5408\u308f\u305b\" \/><span class=\"wpcf7-list-item-label\">\u304a\u554f\u3044\u5408\u308f\u305b<\/span><\/span><span class=\"wpcf7-list-item last\"><input type=\"checkbox\" name=\"checkbox-inq[]\" value=\"\u305d\u306e\u4ed6\" \/><span class=\"wpcf7-list-item-label\">\u305d\u306e\u4ed6<\/span><\/span><\/span><\/span>\n\t\t\t<\/p>\n\t\t<\/td>\n\t<\/tr>\n\t<tr>\n\t\t<th>\n\t\t\t<p><span class=\"CF7_req\">\u5fc5\u9808<\/span> \u304a\u540d\u524d\n\t\t\t<\/p>\n\t\t<\/th>\n\t\t<td>\n\t\t\t<p><span class=\"wpcf7-form-control-wrap\" data-name=\"your-name\"><input size=\"40\" maxlength=\"400\" class=\"wpcf7-form-control wpcf7-text wpcf7-validates-as-required\" aria-required=\"true\" aria-invalid=\"false\" placeholder=\"\u4f8b\uff1a\u3042\u306a\u305f\u306e\u304a\u540d\u524d\" value=\"\" type=\"text\" name=\"your-name\" \/><\/span>\n\t\t\t<\/p>\n\t\t<\/td>\n\t<\/tr>\n\t<tr>\n\t\t<th>\n\t\t\t<p><span class=\"CF7_req\">\u5fc5\u9808<\/span> \u30e1\u30fc\u30eb\u30a2\u30c9\u30ec\u30b9\n\t\t\t<\/p>\n\t\t<\/th>\n\t\t<td>\n\t\t\t<p><span class=\"wpcf7-form-control-wrap\" data-name=\"your-email\"><input size=\"40\" maxlength=\"400\" class=\"wpcf7-form-control wpcf7-email wpcf7-validates-as-required wpcf7-text wpcf7-validates-as-email\" aria-required=\"true\" aria-invalid=\"false\" placeholder=\"\u4f8b\uff1a\u00d7\u00d7\u00d7@\u00d7\u00d7\u00d7.com\" value=\"\" type=\"email\" name=\"your-email\" \/><\/span>\n\t\t\t<\/p>\n\t\t<\/td>\n\t<\/tr>\n\t<tr>\n\t\t<th>\n\t\t\t<p><span class=\"CF7_req\">\u5fc5\u9808<\/span>\u8eca\u4e21\u60c5\u5831\n\t\t\t<\/p>\n\t\t<\/th>\n\t\t<td>\n\t\t\t<p><span class=\"wpcf7-form-control-wrap\" data-name=\"your-company\"><input size=\"40\" maxlength=\"400\" class=\"wpcf7-form-control wpcf7-text wpcf7-validates-as-required\" aria-required=\"true\" aria-invalid=\"false\" placeholder=\"\u4f8b\uff1a\u4ee4\u548c\uff16\u5e74\u5f0f \u30ec\u30af\u30b5\u30b9\u3000LS\" value=\"\" type=\"text\" name=\"your-company\" \/><\/span>\n\t\t\t<\/p>\n\t\t<\/td>\n\t<\/tr>\n\t<tr>\n\t\t<th>\n\t\t\t<p><span class=\"CF7_unreq\">\u4efb\u610f<\/span>\u90f5\u4fbf\u756a\u53f7\n\t\t\t<\/p>\n\t\t<\/th>\n\t\t<td>\n\t\t\t<p><span class=\"wpcf7-form-control-wrap\" data-name=\"zip\"><input size=\"40\" maxlength=\"400\" class=\"wpcf7-form-control wpcf7-text\" id=\"zip\" aria-invalid=\"false\" placeholder=\"\u4f8b\uff1a123-4567\" value=\"\" type=\"text\" name=\"zip\" \/><\/span>\n\t\t\t<\/p>\n\t\t<\/td>\n\t<\/tr>\n\t<tr>\n\t\t<th>\n\t\t\t<p><span class=\"CF7_unreq\">\u4efb\u610f<\/span>\u90fd\u9053\u5e9c\u770c\n\t\t\t<\/p>\n\t\t<\/th>\n\t\t<td>\n\t\t\t<p><span class=\"wpcf7-form-control-wrap\" data-name=\"pref\"><input size=\"40\" maxlength=\"400\" class=\"wpcf7-form-control wpcf7-text\" id=\"pref\" aria-invalid=\"false\" placeholder=\"\u4f8b\uff1a\u5927\u962a\u5e9c\" value=\"\" type=\"text\" name=\"pref\" \/><\/span>\n\t\t\t<\/p>\n\t\t<\/td>\n\t<\/tr>\n\t<tr>\n\t\t<th>\n\t\t\t<p><span class=\"CF7_unreq\">\u4efb\u610f<\/span>\u3054\u4f4f\u6240\n\t\t\t<\/p>\n\t\t<\/th>\n\t\t<td class=\"address-100\">\n\t\t\t<p><span class=\"wpcf7-form-control-wrap\" data-name=\"addr\"><input size=\"40\" maxlength=\"400\" class=\"wpcf7-form-control wpcf7-text\" id=\"addr\" aria-invalid=\"false\" placeholder=\"\u4f8b\uff1a\u583a\u5e02\u5357\u533a\u8c4a\u7530\" value=\"\" type=\"text\" name=\"addr\" \/><\/span>\n\t\t\t<\/p>\n\t\t<\/td>\n\t<\/tr>\n\t<tr>\n\t\t<th>\n\t\t\t<p><span class=\"CF7_unreq\">\u4efb\u610f<\/span>\u304a\u96fb\u8a71\u756a\u53f7\n\t\t\t<\/p>\n\t\t<\/th>\n\t\t<td>\n\t\t\t<p><span class=\"wpcf7-form-control-wrap\" data-name=\"your-tel\"><input size=\"40\" maxlength=\"400\" class=\"wpcf7-form-control wpcf7-text\" aria-invalid=\"false\" placeholder=\"\u4f8b\uff1a03-1234-5678\" value=\"\" type=\"text\" name=\"your-tel\" \/><\/span>\n\t\t\t<\/p>\n\t\t<\/td>\n\t<\/tr>\n\t<tr>\n\t\t<th>\n\t\t\t<p><span class=\"CF7_req\">\u5fc5\u9808<\/span>\u30e1\u30c3\u30bb\u30fc\u30b8\u672c\u6587\n\t\t\t<\/p>\n\t\t<\/th>\n\t\t<td class=\"message-100\">\n\t\t\t<p><span class=\"wpcf7-form-control-wrap\" data-name=\"your-message\"><textarea cols=\"40\" rows=\"10\" maxlength=\"2000\" class=\"wpcf7-form-control wpcf7-textarea wpcf7-validates-as-required\" aria-required=\"true\" aria-invalid=\"false\" placeholder=\"\u304a\u554f\u3044\u5408\u308f\u305b\u5185\u5bb9\u3092\u3054\u8a18\u5165\u304f\u3060\u3055\u3044\" name=\"your-message\"><\/textarea><\/span>\n\t\t\t<\/p>\n\t\t<\/td>\n\t<\/tr>\n<\/table>\n<p class=\"CF7_btn\"><input class=\"wpcf7-form-control wpcf7-submit has-spinner\" type=\"submit\" value=\"\u9001\u4fe1\u3059\u308b\" \/>\n<\/p><p style=\"display: none !important;\" class=\"akismet-fields-container\" data-prefix=\"_wpcf7_ak_\"><label>&#916;<textarea name=\"_wpcf7_ak_hp_textarea\" cols=\"45\" rows=\"8\" maxlength=\"100\"><\/textarea><\/label><input type=\"hidden\" id=\"ak_js_1\" name=\"_wpcf7_ak_js\" value=\"220\"\/><script>document.getElementById( \"ak_js_1\" ).setAttribute( \"value\", ( new Date() ).getTime() );<\/script><\/p><div class=\"wpcf7-response-output\" aria-hidden=\"true\"><\/div>\n<\/form>\n<\/div>\n\n\n\n\n<p><a href=\"http:\/\/deep-detailing.com\/wp-content\/uploads\/2026\/02\/price.pdf\">\u30b3\u30fc\u30c6\u30a3\u30f3\u30b0\u7528\u30b5\u30a4\u30ba\u5225\u8868(\u56fd\u7523)<\/a><\/p>\n\n\n\n\n","protected":false},"excerpt":{"rendered":"<p>Infomation \u30aa\u30f3\u30e9\u30a4\u30f3\u898b\u7a4d\u30d5\u30a9\u30fc\u30e0 \u30b3\u30fc\u30c6\u30a3\u30f3\u30b0\u7528\u30b5\u30a4\u30ba\u5225\u8868(\u56fd\u7523)<\/p>\n","protected":false},"author":1,"featured_media":0,"parent":0,"menu_order":0,"comment_status":"closed","ping_status":"closed","template":"","meta":{"swell_btn_cv_data":"","footnotes":""},"class_list":["post-5","page","type-page","status-publish","hentry"],"_links":{"self":[{"href":"https:\/\/deep-detailing.com\/index.php?rest_route=\/wp\/v2\/pages\/5","targetHints":{"allow":["GET"]}}],"collection":[{"href":"https:\/\/deep-detailing.com\/index.php?rest_route=\/wp\/v2\/pages"}],"about":[{"href":"https:\/\/deep-detailing.com\/index.php?rest_route=\/wp\/v2\/types\/page"}],"author":[{"embeddable":true,"href":"https:\/\/deep-detailing.com\/index.php?rest_route=\/wp\/v2\/users\/1"}],"replies":[{"embeddable":true,"href":"https:\/\/deep-detailing.com\/index.php?rest_route=%2Fwp%2Fv2%2Fcomments&post=5"}],"version-history":[{"count":13,"href":"https:\/\/deep-detailing.com\/index.php?rest_route=\/wp\/v2\/pages\/5\/revisions"}],"predecessor-version":[{"id":185,"href":"https:\/\/deep-detailing.com\/index.php?rest_route=\/wp\/v2\/pages\/5\/revisions\/185"}],"wp:attachment":[{"href":"https:\/\/deep-detailing.com\/index.php?rest_route=%2Fwp%2Fv2%2Fmedia&parent=5"}],"curies":[{"name":"wp","href":"https:\/\/api.w.org\/{rel}","templated":true}]}}